{"id":42,"date":"2020-10-29T16:55:34","date_gmt":"2020-10-29T16:55:34","guid":{"rendered":"https:\/\/fafila.hu\/?page_id=42"},"modified":"2023-03-15T10:13:22","modified_gmt":"2023-03-15T10:13:22","slug":"szolgaltatasaink","status":"publish","type":"page","link":"https:\/\/fafila.hu\/?page_id=42","title":{"rendered":"Szolg\u00e1ltat\u00e1saink"},"content":{"rendered":"\t\t<div data-elementor-type=\"wp-page\" data-elementor-id=\"42\" class=\"elementor elementor-42\">\n\t\t\t\t\t\t<div class=\"elementor-inner\">\n\t\t\t\t<div class=\"elementor-section-wrap\">\n\t\t\t\t\t\t\t\t\t<section class=\"elementor-section elementor-top-section elementor-element elementor-element-c449684 elementor-section-boxed elementor-section-height-default elementor-section-height-default\" data-id=\"c449684\" data-element_type=\"section\">\n\t\t\t\t\t\t<div class=\"elementor-container elementor-column-gap-default\">\n\t\t\t\t\t\t\t<div class=\"elementor-row\">\n\t\t\t\t\t<div class=\"elementor-column elementor-col-100 elementor-top-column elementor-element elementor-element-1dff11a\" data-id=\"1dff11a\" data-element_type=\"column\">\n\t\t\t<div class=\"elementor-column-wrap elementor-element-populated\">\n\t\t\t\t\t\t\t<div class=\"elementor-widget-wrap\">\n\t\t\t\t\t\t<div class=\"elementor-element elementor-element-c38ef03 elementor-widget elementor-widget-heading\" data-id=\"c38ef03\" data-element_type=\"widget\" data-widget_type=\"heading.default\">\n\t\t\t\t<div class=\"elementor-widget-container\">\n\t\t\t<h2 class=\"elementor-heading-title elementor-size-default\">C\u00e9g\u00fcnk kerti r\u00f6nkfa b\u00fatorok gy\u00e1rt\u00e1s\u00e1val foglalkozik 2016 \u00f3ta.<\/h2>\t\t<\/div>\n\t\t\t\t<\/div>\n\t\t\t\t\t\t<\/div>\n\t\t\t\t\t<\/div>\n\t\t<\/div>\n\t\t\t\t\t\t\t\t<\/div>\n\t\t\t\t\t<\/div>\n\t\t<\/section>\n\t\t\t\t<section class=\"elementor-section elementor-top-section elementor-element elementor-element-24eb1ba elementor-section-boxed elementor-section-height-default elementor-section-height-default\" data-id=\"24eb1ba\" data-element_type=\"section\">\n\t\t\t\t\t\t<div class=\"elementor-container elementor-column-gap-default\">\n\t\t\t\t\t\t\t<div class=\"elementor-row\">\n\t\t\t\t\t<div class=\"elementor-column elementor-col-100 elementor-top-column elementor-element elementor-element-bde8700\" data-id=\"bde8700\" data-element_type=\"column\">\n\t\t\t<div class=\"elementor-column-wrap elementor-element-populated\">\n\t\t\t\t\t\t\t<div class=\"elementor-widget-wrap\">\n\t\t\t\t\t\t<div class=\"elementor-element elementor-element-d5898a9 elementor-widget elementor-widget-text-editor\" data-id=\"d5898a9\" data-element_type=\"widget\" data-widget_type=\"text-editor.default\">\n\t\t\t\t<div class=\"elementor-widget-container\">\n\t\t\t\t\t\t\t\t<div class=\"elementor-text-editor elementor-clearfix\">\n\t\t\t\t<p>C\u00e9lunk els\u0151dlegesen a lehet\u0151 legjobb min\u0151s\u00e9g\u0171 term\u00e9kek gy\u00e1rt\u00e1sa a hazai piacon a magyar emberek sz\u00e1m\u00e1ra.<\/p><p>\u00c9lvezze k\u00e9nyelmesen otthon\u00e1b\u00f3l teljesk\u00f6r\u0171 szolg\u00e1ltat\u00e1sainkat.\u00a0<\/p><p>Mindent egy k\u00e9zben k\u00fcls\u0151 c\u00e9gek bevon\u00e1sa n\u00e9lk\u00fcl int\u00e9z\u00fcnk a 100%-os el\u00e9gedetts\u00e9g \u00e9rdek\u00e9ben!<\/p><p>\u00d6nnek mind\u00f6sszesen csak a megfelel\u0151 term\u00e9ket kell kiv\u00e1lasztania a web\u00e1ruh\u00e1zunkban, mi pedig legy\u00e1rtjuk \u00e9s szem\u00e9lyesen sz\u00e1ll\u00edtjuk ki illetve rakjuk \u00f6ssze a helysz\u00ednen a kerti b\u00fatorokat!<br \/><br \/><\/p><p>El tud k\u00e9pzelni enn\u00e9l egyszer\u0171bb \u00e9s jobb megold\u00e1st?<br \/><br \/>Ha nem, akkor a legjobb helyen j\u00e1r!<\/p><p>K\u00f6sz\u00f6nj\u00fck el\u0151re is bizalm\u00e1t!<br \/><br \/><\/p><p>\u00a0<\/p>\t\t\t\t\t<\/div>\n\t\t\t\t\t\t<\/div>\n\t\t\t\t<\/div>\n\t\t\t\t\t\t<\/div>\n\t\t\t\t\t<\/div>\n\t\t<\/div>\n\t\t\t\t\t\t\t\t<\/div>\n\t\t\t\t\t<\/div>\n\t\t<\/section>\n\t\t\t\t\t\t\t\t\t<\/div>\n\t\t\t<\/div>\n\t\t\t\t\t<\/div>\n\t\t","protected":false},"excerpt":{"rendered":"<p>C\u00e9g\u00fcnk kerti r\u00f6nkfa b\u00fatorok gy\u00e1rt\u00e1s\u00e1val foglalkozik 2016 \u00f3ta. C\u00e9lunk els\u0151dlegesen a lehet\u0151 legjobb min\u0151s\u00e9g\u0171 term\u00e9kek gy\u00e1rt\u00e1sa a hazai piacon a magyar emberek sz\u00e1m\u00e1ra. \u00c9lvezze k\u00e9nyelmesen otthon\u00e1b\u00f3l teljesk\u00f6r\u0171 szolg\u00e1ltat\u00e1sainkat.\u00a0 Mindent egy k\u00e9zben k\u00fcls\u0151 c\u00e9gek bevon\u00e1sa n\u00e9lk\u00fcl int\u00e9z\u00fcnk a 100%-os el\u00e9gedetts\u00e9g \u00e9rdek\u00e9ben! \u00d6nnek mind\u00f6sszesen csak a megfelel\u0151 term\u00e9ket kell kiv\u00e1lasztania a web\u00e1ruh\u00e1zunkban, mi pedig legy\u00e1rtjuk \u00e9s szem\u00e9lyesen [&hellip;]<\/p>\n","protected":false},"author":1,"featured_media":0,"parent":0,"menu_order":0,"comment_status":"closed","ping_status":"closed","template":"elementor_header_footer","meta":{"_mi_skip_tracking":false,"footnotes":""},"class_list":["post-42","page","type-page","status-publish","hentry"],"aioseo_notices":[],"_links":{"self":[{"href":"https:\/\/fafila.hu\/index.php?rest_route=\/wp\/v2\/pages\/42","targetHints":{"allow":["GET"]}}],"collection":[{"href":"https:\/\/fafila.hu\/index.php?rest_route=\/wp\/v2\/pages"}],"about":[{"href":"https:\/\/fafila.hu\/index.php?rest_route=\/wp\/v2\/types\/page"}],"author":[{"embeddable":true,"href":"https:\/\/fafila.hu\/index.php?rest_route=\/wp\/v2\/users\/1"}],"replies":[{"embeddable":true,"href":"https:\/\/fafila.hu\/index.php?rest_route=%2Fwp%2Fv2%2Fcomments&post=42"}],"version-history":[{"count":29,"href":"https:\/\/fafila.hu\/index.php?rest_route=\/wp\/v2\/pages\/42\/revisions"}],"predecessor-version":[{"id":1066,"href":"https:\/\/fafila.hu\/index.php?rest_route=\/wp\/v2\/pages\/42\/revisions\/1066"}],"wp:attachment":[{"href":"https:\/\/fafila.hu\/index.php?rest_route=%2Fwp%2Fv2%2Fmedia&parent=42"}],"curies":[{"name":"wp","href":"https:\/\/api.w.org\/{rel}","templated":true}]}}