{"id":613,"date":"2021-02-04T12:17:02","date_gmt":"2021-02-04T12:17:02","guid":{"rendered":"https:\/\/fafila.hu\/?page_id=613"},"modified":"2024-04-03T17:25:36","modified_gmt":"2024-04-03T17:25:36","slug":"szallitasi-informaciok","status":"publish","type":"page","link":"https:\/\/fafila.hu\/?page_id=613","title":{"rendered":"Sz\u00e1ll\u00edt\u00e1si inform\u00e1ci\u00f3k"},"content":{"rendered":"\t\t<div data-elementor-type=\"wp-page\" data-elementor-id=\"613\" class=\"elementor elementor-613\">\n\t\t\t\t\t\t<div class=\"elementor-inner\">\n\t\t\t\t<div class=\"elementor-section-wrap\">\n\t\t\t\t\t\t\t\t\t<section class=\"elementor-section elementor-top-section elementor-element elementor-element-6176dac elementor-section-boxed elementor-section-height-default elementor-section-height-default\" data-id=\"6176dac\" data-element_type=\"section\">\n\t\t\t\t\t\t<div class=\"elementor-container elementor-column-gap-default\">\n\t\t\t\t\t\t\t<div class=\"elementor-row\">\n\t\t\t\t\t<div class=\"elementor-column elementor-col-100 elementor-top-column elementor-element elementor-element-42b5115\" data-id=\"42b5115\" data-element_type=\"column\">\n\t\t\t<div class=\"elementor-column-wrap elementor-element-populated\">\n\t\t\t\t\t\t\t<div class=\"elementor-widget-wrap\">\n\t\t\t\t\t\t<div class=\"elementor-element elementor-element-4de4176 elementor-widget elementor-widget-heading\" data-id=\"4de4176\" data-element_type=\"widget\" data-widget_type=\"heading.default\">\n\t\t\t\t<div class=\"elementor-widget-container\">\n\t\t\t<h2 class=\"elementor-heading-title elementor-size-default\">Sz\u00e1ll\u00edt\u00e1si inform\u00e1ci\u00f3k<\/h2>\t\t<\/div>\n\t\t\t\t<\/div>\n\t\t\t\t\t\t<\/div>\n\t\t\t\t\t<\/div>\n\t\t<\/div>\n\t\t\t\t\t\t\t\t<\/div>\n\t\t\t\t\t<\/div>\n\t\t<\/section>\n\t\t\t\t<section class=\"elementor-section elementor-top-section elementor-element elementor-element-3126fe2 elementor-section-boxed elementor-section-height-default elementor-section-height-default\" data-id=\"3126fe2\" data-element_type=\"section\">\n\t\t\t\t\t\t<div class=\"elementor-container elementor-column-gap-default\">\n\t\t\t\t\t\t\t<div class=\"elementor-row\">\n\t\t\t\t\t<div class=\"elementor-column elementor-col-100 elementor-top-column elementor-element elementor-element-c86ab57\" data-id=\"c86ab57\" data-element_type=\"column\">\n\t\t\t<div class=\"elementor-column-wrap elementor-element-populated\">\n\t\t\t\t\t\t\t<div class=\"elementor-widget-wrap\">\n\t\t\t\t\t\t<div class=\"elementor-element elementor-element-7213d3e elementor-widget elementor-widget-text-editor\" data-id=\"7213d3e\" data-element_type=\"widget\" data-widget_type=\"text-editor.default\">\n\t\t\t\t<div class=\"elementor-widget-container\">\n\t\t\t\t\t\t\t\t<div class=\"elementor-text-editor elementor-clearfix\">\n\t\t\t\t<p>Az elfogadott megrendel\u00e9s teljes\u00edt\u00e9si hat\u00e1rideje, a visszaigazol\u00e1st\u00f3l sz\u00e1m\u00edtva \u00e1tlagosan 3-4 h\u00e9t.\u00a0<\/p><p>H\u00e1zhoz sz\u00e1ll\u00edt\u00e1si inform\u00e1ci\u00f3k<br \/>A web\u00e1ruh\u00e1zunk \u00e1ltal kapott megrendel\u00e9sek kisz\u00e1ll\u00edt\u00e1s\u00e1t saj\u00e1t aut\u00f3val bonyol\u00edtjuk le a rendel\u00e9skor megadott sz\u00e1ll\u00edt\u00e1si c\u00edmre. A csomagok k\u00e9zbes\u00edt\u00e9se munkanapokon t\u00f6rt\u00e9nik \u00e1tlagosan 08:00-17:00 \u00f3ra k\u00f6z\u00f6tt. Sz\u00e1ll\u00edt\u00e1si c\u00edmk\u00e9nt c\u00e9lszer\u0171 olyan c\u00edmet megadni, ahol a most megjel\u00f6lt napszakban a fut\u00e1rt folyamatosan fogadni tudj\u00e1k, \u00e9s biztos\u00edtani tudj\u00e1k a k\u00fcldem\u00e9ny teljes ellen\u00e9rt\u00e9k\u00e9t.<br \/>Kiz\u00e1r\u00f3lag abban az esetben rendelje meg a k\u00edv\u00e1nt term\u00e9keket, amennyiben a csomag \u00e1tv\u00e9telekor ki tudja fizetni annak d\u00edj\u00e1t a fut\u00e1rnak. Az \u00e1t nem vett, visszak\u00fcld\u00f6tt csomagok eset\u00e9ben a sz\u00e1ll\u00edt\u00e1s \u00e9s visszasz\u00e1ll\u00edt\u00e1s d\u00edj\u00e1t a megrendel\u0151re terhelj\u00fck, \u00fajrak\u00fcld\u00e9s\u00e9t a term\u00e9knek kiz\u00e1r\u00f3lag ellen\u00e9rt\u00e9k\u00e9nek el\u0151re t\u00f6rt\u00e9n\u0151 kiegyenl\u00edt\u00e9se eset\u00e9n \u00e1ll m\u00f3dunkban ism\u00e9telten elind\u00edtani.<br \/>\u00c1ruh\u00e1zunk m\u0171k\u00f6d\u00e9s\u00e9vel, megrendel\u00e9si, \u00e9s sz\u00e1ll\u00edt\u00e1si folyamat\u00e1val kapcsolatosan felmer\u00fcl\u0151 esetleges tov\u00e1bbi k\u00e9rd\u00e9sek eset\u00e9n az \u00fczemeltet\u0151 adatai k\u00f6z\u00f6tt megadott el\u00e9rhet\u0151s\u00e9geinken rendelkez\u00e9s\u00e9re \u00e1llunk.<\/p><p>Kisz\u00e1ll\u00edt\u00e1ssal kapcsolatos inform\u00e1ci\u00f3k<br \/>A kisz\u00e1ll\u00edt\u00e1st k\u00f6vet\u0151en koll\u00e9g\u00e1ink a helysz\u00ednen \u00e1ll\u00edtj\u00e1k \u00d6nnek \u00f6ssze a megrendelt term\u00e9ket, ezzel is garant\u00e1lva a szakszer\u0171 \u00f6sszeszerel\u00e9st \u00e9s az el\u00e9gedetts\u00e9get.<\/p><p>Kapcsolat: +36708030948<\/p>\t\t\t\t\t<\/div>\n\t\t\t\t\t\t<\/div>\n\t\t\t\t<\/div>\n\t\t\t\t\t\t<\/div>\n\t\t\t\t\t<\/div>\n\t\t<\/div>\n\t\t\t\t\t\t\t\t<\/div>\n\t\t\t\t\t<\/div>\n\t\t<\/section>\n\t\t\t\t\t\t\t\t\t<\/div>\n\t\t\t<\/div>\n\t\t\t\t\t<\/div>\n\t\t","protected":false},"excerpt":{"rendered":"<p>Sz\u00e1ll\u00edt\u00e1si inform\u00e1ci\u00f3k Az elfogadott megrendel\u00e9s teljes\u00edt\u00e9si hat\u00e1rideje, a visszaigazol\u00e1st\u00f3l sz\u00e1m\u00edtva \u00e1tlagosan 3-4 h\u00e9t.\u00a0 H\u00e1zhoz sz\u00e1ll\u00edt\u00e1si inform\u00e1ci\u00f3kA web\u00e1ruh\u00e1zunk \u00e1ltal kapott megrendel\u00e9sek kisz\u00e1ll\u00edt\u00e1s\u00e1t saj\u00e1t aut\u00f3val bonyol\u00edtjuk le a rendel\u00e9skor megadott sz\u00e1ll\u00edt\u00e1si c\u00edmre. A csomagok k\u00e9zbes\u00edt\u00e9se munkanapokon t\u00f6rt\u00e9nik \u00e1tlagosan 08:00-17:00 \u00f3ra k\u00f6z\u00f6tt. Sz\u00e1ll\u00edt\u00e1si c\u00edmk\u00e9nt c\u00e9lszer\u0171 olyan c\u00edmet megadni, ahol a most megjel\u00f6lt napszakban a fut\u00e1rt folyamatosan fogadni tudj\u00e1k, [&hellip;]<\/p>\n","protected":false},"author":1,"featured_media":0,"parent":0,"menu_order":0,"comment_status":"closed","ping_status":"closed","template":"elementor_header_footer","meta":{"_mi_skip_tracking":false,"footnotes":""},"class_list":["post-613","page","type-page","status-publish","hentry"],"aioseo_notices":[],"_links":{"self":[{"href":"https:\/\/fafila.hu\/index.php?rest_route=\/wp\/v2\/pages\/613","targetHints":{"allow":["GET"]}}],"collection":[{"href":"https:\/\/fafila.hu\/index.php?rest_route=\/wp\/v2\/pages"}],"about":[{"href":"https:\/\/fafila.hu\/index.php?rest_route=\/wp\/v2\/types\/page"}],"author":[{"embeddable":true,"href":"https:\/\/fafila.hu\/index.php?rest_route=\/wp\/v2\/users\/1"}],"replies":[{"embeddable":true,"href":"https:\/\/fafila.hu\/index.php?rest_route=%2Fwp%2Fv2%2Fcomments&post=613"}],"version-history":[{"count":26,"href":"https:\/\/fafila.hu\/index.php?rest_route=\/wp\/v2\/pages\/613\/revisions"}],"predecessor-version":[{"id":1136,"href":"https:\/\/fafila.hu\/index.php?rest_route=\/wp\/v2\/pages\/613\/revisions\/1136"}],"wp:attachment":[{"href":"https:\/\/fafila.hu\/index.php?rest_route=%2Fwp%2Fv2%2Fmedia&parent=613"}],"curies":[{"name":"wp","href":"https:\/\/api.w.org\/{rel}","templated":true}]}}